True
Is 1972314660 a multiple of 12?
True
Is 323 a factor of 369242569?
False
Does 28 divide 629514701?
False
Is 1261 a factor of 5792738955?
False
Is 370309272 a multiple of 3?
True
Is 259511693 a multiple of 5047?
True
Does 80 divide 35397600?
True
Does 60 divide 12267240?
True
Is 2000 a factor of 3791579?
False
Is 27796290 a multiple of 335?
True
Does 721 divide 377537322?
False
Is 504 a factor of 46117512?
True
Is 366 a factor of 24838956?
True
Is 145 a factor of 1593273920?
True
Is 12590104 a multiple of 8?
True
Is 4412680 a multiple of 535?
True
Is 28492014 a multiple of 66?
False
Is 51 a factor of 14611285?
False
Is 1844336106 a multiple of 66?
False
Is 125 a factor of 8442022?
False
Does 5979 divide 1864981638?
True
Is 8 a factor of 150399533?
False
Is 779 a factor of 7672475?
False
Does 115 divide 374314093?
False
Is 26 a factor of 187965234?
False
Does 9 divide 136164501?
True
Does 24 divide 2135550096?
True
Is 201174525 a multiple of 43?
False
Is 16494108 a multiple of 124?
True
Is 29 a factor of 51577254?
True
Is 36919574 a multiple of 21?
False
Is 328 a factor of 57403608?
True
Is 163922802 a multiple of 6?
True
Does 200 divide 14922200?
True
Is 3 a factor of 16878165?
True
Is 197689800 a multiple of 66?
True
Is 25502478 a multiple of 67?
True
Does 126 divide 91036386?
True
Is 98 a factor of 389429693?
False
Is 21345343 a multiple of 1156?
False
Does 405 divide 990518220?
True
Does 297 divide 91253969?
False
Is 499787400 a multiple of 8?
True
Does 18 divide 852816150?
True
Is 816648564 a multiple of 36?
False
Is 2199 a factor of 298850509?
False
Is 6552 a factor of 1732381560?
True
Does 3 divide 2772522?
True
Does 216 divide 202611888?
True
Does 2233 divide 2990985?
False
Is 16664240 a multiple of 4?
True
Is 485 a factor of 18946507?
False
Is 100044 a multiple of 28?
True
Is 2542 a factor of 108718798?
True
Is 425844384 a multiple of 672?
True
Is 68 a factor of 4588135168?
True
Is 18952162 a multiple of 167?
True
Does 294 divide 585320039?
False
Is 141 a factor of 179166151?
False
Does 10 divide 2384348?
False
Is 80 a factor of 156723979?
False
Does 122 divide 155364194?
True
Does 2052 divide 337301604?
True
Is 143 a factor of 52026117?
True
Is 206 a factor of 64786403?
False
Does 806 divide 4178304?
True
Is 20537412 a multiple of 873?
False
Is 14 a factor of 613691442?
True
Is 1569091606 a multiple of 106?
True
Does 2303 divide 2345812770?
True
Is 438 a factor of 63493348?
False
Does 1014 divide 38388012?
True
Is 397 a factor of 48584707?
False
Does 29 divide 507158080?
False
Is 3048 a factor of 714321438?
False
Is 6 a factor of 205207988?
False
Does 43 divide 207157579?
False
Is 175 a factor of 13855823?
False
Is 19084047 a multiple of 327?
True
Is 46 a factor of 897429088?
True
Does 123 divide 310103294?
False
Is 3418 a factor of 1560778430?
True
Is 823 a factor of 327041166?
False
Is 21 a factor of 15388422?
True
Does 18 divide 2532913655?
False
Does 182 divide 286362832?
False
Does 16 divide 77272128?
True
Is 76202633 a multiple of 58?
False
Is 149266142 a multiple of 70?
False
Does 2141 divide 80534310?
False
Is 38052936 a multiple of 258?
True
Is 22 a factor of 19581685?
False
Does 382 divide 445388276?
False
Does 547 divide 2243001449?
False
Does 48 divide 1479041?
False
Is 286890504 a multiple of 986?
True
Does 6 divide 31185189?
False
Does 85 divide 295860223?
False
Is 63223940 a multiple of 575?
False
Does 441 divide 16529850?
False
Does 794 divide 73953160?
True
Is 15 a factor of 9003338?
False
Is 16 a factor of 869280?
True
Is 27202560 a multiple of 1232?
True
Is 42382238 a multiple of 9?
False
Is 124455210 a multiple of 5?
True
Does 213 divide 916419409?
False
Is 6713903 a multiple of 329?
True
Does 721 divide 912253?
False
Does 4673 divide 944103750?
False
Is 102031408 a multiple of 458?
True
Does 389 divide 32001863?
True
Does 1189 divide 15888607?
True
Is 24868985 a multiple of 66?
False
Is 113 a factor of 2982949436?
False
Is 166724554 a multiple of 92?
False
Is 1512629607 a multiple of 16?
False
Is 34 a factor of 139978476?
True
Does 54 divide 364594230?
True
Is 3487400227 a multiple of 9?
False
Is 1082 a factor of 389260320?
True
Is 129 a factor of 55135890?
True
Is 47685354 a multiple of 195?
False
Is 39028896 a multiple of 16?
True
Does 1084 divide 660919136?
True
Is 6748527 even?
False
Is 149581762 a multiple of 1531?
True
Does 17 divide 118412480?
True
Is 81 a factor of 6406047?
True
Is 1317 a factor of 890829336?
True
Does 12 divide 34399776?
True
Does 10 divide 286159239?
False
Does 3510 divide 63032580?
True
Does 1278 divide 1635603?
False
Does 17 divide 358026630?
True
Is 4172425782 a multiple of 8421?
False
Is 592 a factor of 13509440?
True
Does 94 divide 1314286891?
False
Is 816443376 a multiple of 159?
True
Is 16821552 a multiple of 22?
True
Is 91 a factor of 9549146?
False
Is 1971 a factor of 2399507226?
True
Is 103897064 a multiple of 34?
True
Is 15 a factor of 1985871938?
False
Is 613712160 a multiple of 8?
True
Is 462361949 a multiple of 16?
False
Is 342 a factor of 108298404?
True
Is 978 a factor of 52355274?
True
Is 66230788 a multiple of 16?
False
Is 18051000 even?
True
Is 2 a factor of 7207522?
True
Does 10 divide 29794420?
True
Does 1007 divide 737461332?
False
Does 82 divide 84959380?
True
Is 2937 a factor of 929761316?
False
Does 102 divide 268794582?
True
Is 485250 a multiple of 75?
True
Is 4 a factor of 220077068?
True
Is 104 a factor of 103948408?
False
Does 7 divide 130611995?
False
Is 917105506 a multiple of 33?
False
Is 111329844 a multiple of 93?
False
Is 91640017 a multiple of 1735?
False
Is 6634712 a multiple of 1028?
True
Does 33 divide 4723014?
False
Is 604748634 a multiple of 4074?
True
Is 1372 a factor of 26943448?
False
Does 50 divide 289342250?
True
Is 60981712 a multiple of 2690?
False
Is 483799786 a multiple of 64?
False
Is 2135 a factor of 508459294?
False
Does 24 divide 70962528?
True
Is 3746169106 a multiple of 123?
False
Does 37 divide 18494660?
False
Is 21319858 a multiple of 23?
False
Does 107 divide 123504108?
True
Is 454 a factor of 1818270?
True
Does 280 divide 57062109?
False
Does 249 divide 1147479399?
True
Is 73492316 a multiple of 13?
False
Does 411 divide 20227365?
True
Is 66 a factor of 4776179166?
True
Is 191 a factor of 13150818?
False
Does 34 divide 128120806?
True
Is 52 a factor of 2529779062?
False
Does 553 divide 610967820?
False
Is 405705748 a multiple of 79?
False
Is 2624319 a multiple of 84?
False
Is 28639898 a multiple of 12?
False
Does 269 divide 285236827?
False
Is 437435505 a multiple of 5?
True
Is 10 a factor of 2399940250?
True
Is 2612550742 a multiple of 29?
False
Does 12 divide 35534916?
True
Does 43 divide 4024824424?
True
Is 3251136 a multiple of 168?
True
Does 112 divide 34777008?
True
Is 1317286905 a multiple of 17?
True
Does 77 divide 18285313?
False
Does 19 divide 13063587?
False
Is 417 a factor of 150046410?
False
Is 151 a factor of 12675624?
False
Is 6786766 a multiple of 20?
False
Does 4 divide 301655616?
True
Is 76 a factor of 207844610?
False
Does 3 divide 2939620?
False
Does 36 divide 65060583?
False
Does 1378 divide 37921182?
True
Is 378325032 a multiple of 9?
False
Is 9 a factor of 3437415?
True
Does 728 divide 237079232?
False
Is 278 a factor of 118513624?
True
Is 50 a factor of 408450100?
True
Is 1751 a factor of 1431044065?
False
Is 133 a factor of 119249396?
True
Is 321526243 a multiple of 4483?
False
Does 64 divide 459908608?
True
Is 100 a factor of 1186300?
True
Is 20801132 a multiple of 11?
True
Does 136 divide 260844328?
True
Does 34 divide 744814?
False
Does 10 divide 31809960?
True
Is 6 a factor of 32906574?
True
Does 49 divide 38841026?
True
Is 25 a factor of 319697727?
False
Does 2909 divide 140885779?
True
Is 146904705 a multiple of 9?
True
Is 5300580 a multiple of 1587?
True
Is 8846354 a multiple of 22?
True
Is 25 a factor of 10448005?
False
Does 241 divide 528905107?
True
Is 12452 a factor of 1599027818?
False
Is 52123024 a multiple of 8?
True
Is 193391676 a multiple of 1956?
True
Is 304095286 a multiple of 625?
False
Is 581012850 a multiple of 2442?
True
Is 33884280 a multiple of 1552?
False
Is 643439250 a multiple of 222?
True
Is 45 a factor of 7528551?
False
Does 874 divide 221313406?
True
Is 846624848 a 